{"id":125,"date":"2019-03-20T21:31:23","date_gmt":"2019-03-20T21:31:23","guid":{"rendered":"http:\/\/gabriellekrueger.de\/?page_id=125"},"modified":"2025-11-10T20:48:12","modified_gmt":"2025-11-10T20:48:12","slug":"malreisen-frankreich","status":"publish","type":"page","link":"https:\/\/gabriellekrueger.de\/?page_id=125","title":{"rendered":"Malreisen Frankreich"},"content":{"rendered":"\n<figure class=\"wp-block-image is-resized\"><img loading=\"lazy\" width=\"962\" height=\"611\" src=\"https:\/\/gabriellekrueger.de\/wp-content\/uploads\/2019\/03\/Bildschirmfoto-2019-03-17-um-21.54.03.png\" alt=\"\" class=\"wp-image-131\" srcset=\"https:\/\/gabriellekrueger.de\/wp-content\/uploads\/2019\/03\/Bildschirmfoto-2019-03-17-um-21.54.03.png 962w, https:\/\/gabriellekrueger.de\/wp-content\/uploads\/2019\/03\/Bildschirmfoto-2019-03-17-um-21.54.03-300x191.png 300w, https:\/\/gabriellekrueger.de\/wp-content\/uploads\/2019\/03\/Bildschirmfoto-2019-03-17-um-21.54.03-768x488.png 768w\" sizes=\"(max-width: 962px) 100vw, 962px\" \/><figcaption>In der Provence:  <\/figcaption><\/figure>\n\n\n\n<figure class=\"wp-block-image is-resized\"><img loading=\"lazy\" src=\"https:\/\/gabriellekrueger.de\/wp-content\/uploads\/2019\/03\/Bildschirmfoto-2019-03-09-um-18.02.50-1.png\" alt=\"\" class=\"wp-image-149\" width=\"808\" height=\"536\" srcset=\"https:\/\/gabriellekrueger.de\/wp-content\/uploads\/2019\/03\/Bildschirmfoto-2019-03-09-um-18.02.50-1.png 740w, https:\/\/gabriellekrueger.de\/wp-content\/uploads\/2019\/03\/Bildschirmfoto-2019-03-09-um-18.02.50-1-300x199.png 300w\" sizes=\"(max-width: 808px) 100vw, 808px\" \/><figcaption>In der Bourgogne<\/figcaption><\/figure>\n\n\n\n<p class=\"has-text-color\" style=\"color:#dfd8b9\">Zu Pfingsten gehen wir eine Woche zum Malen und Zeichnen ins Nachbarland. Zu diesem Zweck wird ein grosses Haus mit viel Platz drumherum gemietet, und neben intensiver Arbeit lassen wir es uns richtig gut gehen. Egal, ob im Burgund, der Provence oder anderswo, &#8211; wir lieben sch\u00f6ne M\u00e4rkte, interessante und inspirierende Orte. Unsere Ausfl\u00fcge sind oft spontan, von uns allen mitbestimmt. Jeder kann sich gern daneben gelegentlich zur\u00fcck ziehen oder sein eigenes Programm gestalten.  &#8211;  Es ist sicher eine der besten M\u00f6glichkeiten, sich in die \u00d6lmalerei einf\u00fchren zu lassen, neue Techniken kennen zu lernen oder ein Projekt umzusetzen. <\/p>\n","protected":false},"excerpt":{"rendered":"<p>Zu Pfingsten gehen wir eine Woche zum Malen und Zeichnen ins Nachbarland. Zu diesem Zweck wird ein grosses Haus mit viel Platz drumherum gemietet, und neben intensiver Arbeit lassen wir es uns richtig gut gehen. &hellip; <a href=\"https:\/\/gabriellekrueger.de\/?page_id=125\">Weiterlesen<\/a><\/p>\n","protected":false},"author":1,"featured_media":131,"parent":0,"menu_order":6,"comment_status":"closed","ping_status":"closed","template":"nosidebar.php","meta":[],"_links":{"self":[{"href":"https:\/\/gabriellekrueger.de\/index.php?rest_route=\/wp\/v2\/pages\/125"}],"collection":[{"href":"https:\/\/gabriellekrueger.de\/index.php?rest_route=\/wp\/v2\/pages"}],"about":[{"href":"https:\/\/gabriellekrueger.de\/index.php?rest_route=\/wp\/v2\/types\/page"}],"author":[{"embeddable":true,"href":"https:\/\/gabriellekrueger.de\/index.php?rest_route=\/wp\/v2\/users\/1"}],"replies":[{"embeddable":true,"href":"https:\/\/gabriellekrueger.de\/index.php?rest_route=%2Fwp%2Fv2%2Fcomments&post=125"}],"version-history":[{"count":25,"href":"https:\/\/gabriellekrueger.de\/index.php?rest_route=\/wp\/v2\/pages\/125\/revisions"}],"predecessor-version":[{"id":334,"href":"https:\/\/gabriellekrueger.de\/index.php?rest_route=\/wp\/v2\/pages\/125\/revisions\/334"}],"wp:featuredmedia":[{"embeddable":true,"href":"https:\/\/gabriellekrueger.de\/index.php?rest_route=\/wp\/v2\/media\/131"}],"wp:attachment":[{"href":"https:\/\/gabriellekrueger.de\/index.php?rest_route=%2Fwp%2Fv2%2Fmedia&parent=125"}],"curies":[{"name":"wp","href":"https:\/\/api.w.org\/{rel}","templated":true}]}}